5
What is the units digit of (-591)/(-5) + -5 + 3/(-15)?
3
Suppose -3674 = 8*g - 30*g. What is the tens digit of g?
6
Let h(l) = 109*l + 64. What is the units digit of h(6)?
8
Let b be (-2)/(-2 + 10/4). Let f be (-2)/(-12) + (-71)/(-6). Let w = f + b. What is the units digit of w?
8
Let l = 1 - 1. Let k be -2*51/(-6) - (-8)/(-4). Suppose l*n + k = 3*n. What is the units digit of n?
5
Let j be 1/((-2)/((-176)/4))*11. Suppose 7*a - 52 = j. What is the units digit of a?
2
Suppose 0 = y - 3*s - 129, 0*y + 4*s + 623 = 5*y. Let q = y + -105. What is the tens digit of q?
1
Let o(v) = 3*v**2 + 7. Let x be o(-4). Let u = -13 + x. What is the tens digit of u?
4
Let g(w) = 18*w - 4. Let r(k) = k**2 + k + 2. Suppose -l - 15 = 3*d, -3*d - 12 = 3. Let f be r(l). What is the tens digit of g(f)?
3
Suppose -k - 2520 = -6*k. Suppose -2142 = -13*x - k. What is the units digit of x?
6
Let s(j) = -5*j**3 + 10*j**2 + 2*j**3 + 20 + 4*j**3 + 12*j. What is the units digit of s(-6)?
2
Let s(f) = f - 14. Let j be s(16). What is the units digit of j - 5/((-20)/232)?
0
Let y(w) = -w**2 - 7*w. Let j be y(-6). Let n be (-2 - 6/(-1)) + 4. Let v = n - j. What is the units digit of v?
2
Let y = -18 - -38. Let b(l) = -l**3 + 20*l**2 + 4*l - 13. What is the units digit of b(y)?
7
Let k be 3/((-12)/(-8))*2. Let h(i) = i - 1. Let y be h(4). Suppose -k*v = 3*x - 53, y*x - 2*v - 34 = -x. What is the units digit of x?
1
Suppose -3*g + 5*t + 15 = 0, -3*g + 3*t + 9 = -7*g. Suppose d - 130 = -y, d = -g*d - 5. What is the hundreds digit of y?
1
Let t(w) = -13*w**2 - 3*w. Let z be t(-2). Let c = -20 - z. What is the tens digit of c?
2
Let i = -6 + 10. Let u be 24/i*2/4. Suppose 3*o - 102 = -u*q - 2*o, -4*o = 2*q - 70. What is the units digit of q?
9
Let v be 4/(-3)*-6*4/(-16). What is the tens digit of (2296/(-21))/4*3/v?
4
Let u be -2*12/(-16)*-4. Suppose -4*w = -3*w - 49. Let x = u + w. What is the tens digit of x?
4
Suppose 2*s + 2*x = 2850, 2*x + 2748 = 3*s - 1552. What is the hundreds digit of s?
4
Suppose 0 = 10*g - 6*g - 368. Let u = g + -7. What is the units digit of u?
5
Suppose 0 = 3*j - 12 - 12. Suppose 0*x = 2*x - j. Suppose 0*p - p - 1 = -f, -8 = -x*f + 3*p. What is the units digit of f?
5
Suppose -5*b + 12*b = 112. Suppose -20*w + b*w = -64. What is the tens digit of w?
1
What is the hundreds digit of (-121)/(55/5) - -2501?
4
Let o = 47 + -29. Let k = 42 + o. What is the tens digit of k?
6
Let y(b) = 1 + 2*b - 2*b**2 + 4*b**2 - 3*b + 21*b**2. Let m = -2 - -3. What is the tens digit of y(m)?
2
Let q(u) = -u**3 + 4*u**2 + 6*u. Let t(f) = 4*f - 9. Let b be t(5). Suppose 5*p + 12 - 3 = -4*n, -3*p - b = n. What is the units digit of q(n)?
4
Let m = 37 - 21. Let d = m + -11. Suppose -4*g = d*s - 22, 4*s + 3 = 5*g - 4. What is the units digit of s?
2
Let r = -30 + 7. Let w = r - -160. What is the hundreds digit of w?
1
Let u(j) = 3*j - 8. Let w be u(4). Suppose w*a = 11 + 1. Suppose a*x + 34 - 166 = 0. What is the tens digit of x?
4
Suppose 763*h = 762*h + 115. What is the units digit of h?
5
Suppose 2*f = 7*f - 30. Let g be f/(-12) + (-3)/2. What is the tens digit of 108/63*(-63)/g?
5
Let v = 160 - 99. Suppose -2*c + v = -c. What is the units digit of c?
1
Let t = 8 - 0. Let o(i) = i + 3 - i - t - 3*i. What is the tens digit of o(-7)?
1
Let c = -6 + 8. Suppose 0 = -12*o + 14*o - 28. Suppose -o = -4*v - 2*i - i, -3*v = c*i - 11. What is the units digit of v?
5
Let d(x) = 9*x**2 - 51*x + 31. What is the tens digit of d(15)?
9
Suppose 0 = -31*f + 14*f + 28288. What is the hundreds digit of f?
6
Let r(i) = -56*i + 296. What is the thousands digit of r(-19)?
1
Let h = 18 - 26. What is the units digit of (-352)/h*2/2?
4
Suppose -26*k - 474 = -32*k. What is the units digit of k?
9
Let f(y) = y**2 + 6*y - 3. Let k be f(-7). Let a = k + -1. Suppose -c = -4*g - 45, -a*c - 4*g = -79 + 24. What is the units digit of c?
5
Let l(y) = 2*y**2 + 11*y + 14. Let o be l(-7). Suppose -d + o = -22. What is the tens digit of d?
5
Let n be 0/((-1)/(-1)) + 30. What is the units digit of (-4)/(-10) - ((-35952)/n)/4?
0
What is the units digit of (-8)/((-64)/2980)*(-12)/(-15)?
8
Let c = 893 - 697. What is the hundreds digit of c?
1
Let c = 16 - 51. Suppose -3 + 13 = -l. Let s = l - c. What is the tens digit of s?
2
Suppose 0 = 5*g + 21 - 6. Let z be g - (-4 - (-4 + -1)). What is the tens digit of ((-120)/(-8))/((-1)/z)?
6
Let s(t) = 2*t + 19. Let z be s(-8). Let p be (-1)/(-1)*(z + 1). What is the tens digit of -4 + (1 - p - -20)?
1
Let z be 1/(5/45) + -3. Suppose -84 - 30 = -z*b. What is the tens digit of b?
1
Suppose -w + 2*k = 3*w - 12, 0 = 5*k + 10. Let n(o) = 24*o - 1. Let b be n(w). Suppose -5*c - 65 - 2 = -2*i, 2*c - b = -i. What is the tens digit of i?
4
Let u = 614 + -241. What is the units digit of u?
3
Suppose -5*c + 30 = 3*h + 2*h, c - 2 = 3*h. Suppose -166 = -p - 4*r, 0 = -3*r + h - 4. What is the tens digit of p?
7
Let m = -104 - -96. What is the units digit of (-358)/m + (-3)/4?
4
Let t = 583 + -389. What is the units digit of (t/(-8))/((-17)/68)?
7
Let k = 1 - 1. Suppose k = -5*u + 2*u. What is the tens digit of u + -3 + 14*2?
2
Suppose -1737 = -6*k + 801. What is the tens digit of k?
2
Let d = -2087 - -3756. What is the tens digit of d?
6
Let j = -28 + 28. Let k(o) = o**3 - 3*o**2 - 2*o - 2. Let n be k(4). Suppose -4*s + n = -2*q, -5*s + 30 = 5*q - j*s. What is the units digit of q?
3
Let m = 179 + 24. Suppose 3*i - m = -n + 6, 5*i = 3*n + 367. Suppose 3*d + 2*b = i, -d + 5 = 5*b - 36. What is the units digit of d?
1
What is the tens digit of (1 - 437)*(-63)/36?
6
Let t(j) = -10*j + 13. Let x be t(-5). Suppose -6*v = 3 - x. What is the units digit of v?
0
Suppose -205*q + 218*q - 9152 = 0. What is the tens digit of q?
0
Let g(m) = -m**3 - 6*m**2 + 8*m + 14. Let h be g(-7). Suppose h*w + 3*w = 1850. What is the hundreds digit of w?
1
Suppose -4*z + 3*z = 17. Let w(a) = -6*a**2 + 20*a + 15. Let y be w(5). Let h = z - y. What is the units digit of h?
8
Let u be (1/2)/((-5)/(-140)). Let t be (-3 + 2 + 7)/2. Suppose 0 = 2*p + 3*g - u, g = p - t*g + 4. What is the units digit of p?
4
Suppose 5*i + 19*i - 18912 = 0. What is the hundreds digit of i?
7
Let k = 32 - -64. Suppose 3*c - k = 138. What is the units digit of c?
8
What is the hundreds digit of (-10*1)/(-2) + -26 + 250?
2
Let x(u) be the first derivative of u**4/12 + 5*u**3/6 - 15*u**2/2 - 10*u + 9. Let m(h) be the first derivative of x(h). What is the units digit of m(6)?
1
Let t(p) = -p**2 - 35*p + 47. What is the tens digit of t(-21)?
4
Suppose 3*c - l + 176 = 0, 0 = -4*c + 3*l - 30 - 198. Let k = 88 + c. What is the tens digit of k?
2
Suppose -27*k - 4481 = -31*k - 5*p, 2*p - 10 = 0. What is the units digit of k?
4
What is the units digit of 0 - -3 - (-2 + 0/(-3))?
5
Suppose -j = 5, u = -5*j + 2509 + 522. What is the tens digit of u?
5
Suppose -a - 6*b - 21 = -b, 2*a - 3 = -b. Suppose -a*i + 0 = 8. What is the units digit of 194/5 + i/(-10)?
9
Let j(q) = -8*q - 3 + 15*q + 2*q**2 + 2*q + 12. What is the tens digit of j(-6)?
2
Let z be 6 + -3 + 0 + -1. Let y = -8 - -8. Suppose z*j = -y*j + 48. What is the units digit of j?
4
Suppose -3 - 1 = -2*b. Suppose 0 = -l - 5*p - 5 + 12, 5*l = -b*p + 12. Suppose -3*c + 95 = 2*c - 5*m, -c + 21 = -l*m. What is the tens digit of c?
1
Let i(r) = -2*r**3 + r**2 - 3*r - 2. Let x be i(-2). Suppose 6*h + 6 = 3*h. What is the tens digit of (14/(-8))/(h/x)?
2
Suppose 0 = r - 3*m - 713, 20*m = -5*r + 17*m + 3475. What is the hundreds digit of r?
6
Suppose 21*g = 19*g - 40. Let q(h) = -h**3 - 22*h**2 - 42*h - 9. What is the tens digit of q(g)?
3
What is the thousands digit of (-9)/(27/(-3117)) - -7?
1
Let c = -274 - -179. Let g = c - -136. What is the units digit of g?
1
Suppose -r + 577 = 2*i, -i = -4*r - 2*i + 2294. What is the tens digit of r?
7
Let s(o) = o**3 + 20*o**2 - 5*o + 30. What is the units digit of s(-20)?
0
Suppose -5*s - 440 = -5*i - 5, s - 2*i + 83 = 0. Let p = s + 120. What is the tens digit of p?
2
Suppose 2*h = -r + 5*r - 42, 2*r - 15 = -5*h. Suppose -4*w - r = 2*m - 4, 2*m - 12 = 2*w. What is the units digit of -3 + m/(9/69)?
0
Let o(i) = -1224*i - 142. What is the hundreds digit of o(-4)?
7
Suppose -3*o = -o + x + 15, o + x = -5. What is the tens digit of (-486)/o - 22/(-55)?
4
Suppos